{"id":161,"date":"2016-11-29T10:45:11","date_gmt":"2016-11-29T10:45:11","guid":{"rendered":"http:\/\/collines.com.br\/?page_id=161"},"modified":"2023-02-16T14:59:09","modified_gmt":"2023-02-16T17:59:09","slug":"planos","status":"publish","type":"page","link":"https:\/\/collinessistemas.com.br\/?page_id=161","title":{"rendered":"Planos"},"content":{"rendered":"<p><img loading=\"lazy\" decoding=\"async\" class=\"alignnone wp-image-288 size-full\" src=\"http:\/\/collinessistemas.com.br\/wp-content\/uploads\/2023\/02\/Propaganda-Nota-ok.jpg\" alt=\"\" width=\"1049\" height=\"300\" srcset=\"https:\/\/collinessistemas.com.br\/wp-content\/uploads\/2023\/02\/Propaganda-Nota-ok.jpg 1049w, https:\/\/collinessistemas.com.br\/wp-content\/uploads\/2023\/02\/Propaganda-Nota-ok-300x86.jpg 300w, https:\/\/collinessistemas.com.br\/wp-content\/uploads\/2023\/02\/Propaganda-Nota-ok-1024x293.jpg 1024w, https:\/\/collinessistemas.com.br\/wp-content\/uploads\/2023\/02\/Propaganda-Nota-ok-768x220.jpg 768w\" sizes=\"(max-width: 1049px) 100vw, 1049px\" \/><\/p>\n<h2>Sistema de gest\u00e3o Comercial integrado \u00a0-SGCI.<\/h2>\n<p>Emita <strong>Nota Fiscal Eletr\u00f4nica<\/strong> e <strong>Conhecimento de transporte Eletr\u00f4nico<\/strong> a partir de R$49,00 por m\u00eas.<\/p>\n<p>Para mais informa\u00e7\u00f5es, entre em contato conosco!<\/p>\n","protected":false},"excerpt":{"rendered":"<p>Sistema de gest\u00e3o Comercial integrado \u00a0-SGCI. Emita Nota Fiscal Eletr\u00f4nica e Conhecimento de transporte Eletr\u00f4nico a partir de R$49,00 por m\u00eas. Para mais informa\u00e7\u00f5es, entre em contato conosco!<\/p>\n","protected":false},"author":1,"featured_media":0,"parent":0,"menu_order":0,"comment_status":"closed","ping_status":"closed","template":"fullwidth.php","meta":{"footnotes":""},"class_list":["post-161","page","type-page","status-publish","hentry"],"_links":{"self":[{"href":"https:\/\/collinessistemas.com.br\/index.php?rest_route=\/wp\/v2\/pages\/161"}],"collection":[{"href":"https:\/\/collinessistemas.com.br\/index.php?rest_route=\/wp\/v2\/pages"}],"about":[{"href":"https:\/\/collinessistemas.com.br\/index.php?rest_route=\/wp\/v2\/types\/page"}],"author":[{"embeddable":true,"href":"https:\/\/collinessistemas.com.br\/index.php?rest_route=\/wp\/v2\/users\/1"}],"replies":[{"embeddable":true,"href":"https:\/\/collinessistemas.com.br\/index.php?rest_route=%2Fwp%2Fv2%2Fcomments&post=161"}],"version-history":[{"count":4,"href":"https:\/\/collinessistemas.com.br\/index.php?rest_route=\/wp\/v2\/pages\/161\/revisions"}],"predecessor-version":[{"id":294,"href":"https:\/\/collinessistemas.com.br\/index.php?rest_route=\/wp\/v2\/pages\/161\/revisions\/294"}],"wp:attachment":[{"href":"https:\/\/collinessistemas.com.br\/index.php?rest_route=%2Fwp%2Fv2%2Fmedia&parent=161"}],"curies":[{"name":"wp","href":"https:\/\/api.w.org\/{rel}","templated":true}]}}